{"id":177,"date":"2020-02-05T17:23:46","date_gmt":"2020-02-05T19:23:46","guid":{"rendered":"https:\/\/neohome.ws\/?page_id=177"},"modified":"2020-08-20T18:38:50","modified_gmt":"2020-08-20T21:38:50","slug":"como-trabalhamos","status":"publish","type":"page","link":"https:\/\/neohome.ws\/?page_id=177","title":{"rendered":"Como Trabalhamos"},"content":{"rendered":"\t\t<div data-elementor-type=\"wp-page\" data-elementor-id=\"177\" class=\"elementor elementor-177\" data-elementor-settings=\"[]\">\n\t\t\t<div class=\"elementor-inner\">\n\t\t\t\t<div class=\"elementor-section-wrap\">\n\t\t\t\t\t\t\t<section class=\"elementor-element elementor-element-22c0f9da elementor-section-boxed elementor-section-height-default elementor-section-height-default elementor-section elementor-top-section\" data-id=\"22c0f9da\" data-element_type=\"section\" data-settings=\"{&quot;background_background&quot;:&quot;classic&quot;}\">\n\t\t\t\t\t\t<div class=\"elementor-container elementor-column-gap-default\">\n\t\t\t\t<div class=\"elementor-row\">\n\t\t\t\t<div class=\"elementor-element elementor-element-2caea275 elementor-column elementor-col-100 elementor-top-column\" data-id=\"2caea275\" data-element_type=\"column\">\n\t\t\t<div class=\"elementor-column-wrap  elementor-element-populated\">\n\t\t\t\t\t<div class=\"elementor-widget-wrap\">\n\t\t\t\t<div class=\"elementor-element elementor-element-63c026b elementor-widget elementor-widget-heading\" data-id=\"63c026b\" data-element_type=\"widget\" data-widget_type=\"heading.default\">\n\t\t\t\t<div class=\"elementor-widget-container\">\n\t\t\t<h1 class=\"elementor-heading-title elementor-size-default\">Como Trabalhamos<\/h1>\t\t<\/div>\n\t\t\t\t<\/div>\n\t\t\t\t<div class=\"elementor-element elementor-element-d41c8ab elementor-widget elementor-widget-heading\" data-id=\"d41c8ab\" data-element_type=\"widget\" data-widget_type=\"heading.default\">\n\t\t\t\t<div class=\"elementor-widget-container\">\n\t\t\t<span class=\"elementor-heading-title elementor-size-default\">Atrav\u00e9s da comercializa\u00e7\u00e3o de produtos de alta tecnologia e do desenvolvimento, instala\u00e7\u00e3o e manuten\u00e7\u00e3o de projetos residenciais inteligentes. Tudo feito com muita dedica\u00e7\u00e3o, para elevar a usabilidade do lar e levar mais conforto e lazer a vida dos nossos clientes.<\/span>\t\t<\/div>\n\t\t\t\t<\/div>\n\t\t\t\t<div class=\"elementor-element elementor-element-af2d432 elementor-widget elementor-widget-jet-timeline\" data-id=\"af2d432\" data-element_type=\"widget\" data-widget_type=\"jet-timeline.default\">\n\t\t\t\t<div class=\"elementor-widget-container\">\n\t\t\t<div class=\"elementor-jet-timeline jet-elements\"><div class=\"jet-timeline jet-timeline--align-center jet-timeline--align-middle\">\n\t<div class=\"jet-timeline__line\"><div class=\"jet-timeline__line-progress\"><\/div><\/div>\n\t<div class=\"jet-timeline-list\"><div class=\"jet-timeline-item jet-timeline-item--animated elementor-repeater-item-3e9ae88 jet-timeline-item--image-inside\">\n\t<div class=\"timeline-item__card\">\n\t\t<div class=\"timeline-item__card-inner\">\n\t\t\t\t<div class=\"timeline-item__card-img\"><img loading=\"lazy\" decoding=\"async\" width=\"520\" height=\"250\" src=\"https:\/\/neohome.ws\/wp-content\/uploads\/PROJETO.jpg\" class=\"attachment-full size-full\" alt=\"\" \/><\/div>\t\t\t\t<div class=\"timeline-item__card-content\">\n\t\t\t\t\t<div class=\"timeline-item__meta\"><\/div><p class=\"timeline-item__card-title\">Etapa 1 - Projeto<\/p><div class=\"timeline-item__card-desc\">Prestamos servi\u00e7os t\u00e9cnicos de Projeto para a Integra\u00e7\u00e3o de Sistemas Residenciais de Automa\u00e7\u00e3o, visando a economia, conforto e lazer no empreendimento. TECNOLOGIA trazendo inova\u00e7\u00e3o, simplicidade e facilidade para o dia a dia.<\/div>\t\t\t\t<\/div>\n\t\t\t\t\t\t<\/div>\n\t\t<div class=\"timeline-item__card-arrow\"><\/div>\n\t<\/div>\n\t<div class=\"timeline-item__point\"><div class=\"timeline-item__point-content timeline-item__point-content--icon\"><span class=\"jet-elements-icon\"><i aria-hidden=\"true\" class=\"fas fa-house-damage\"><\/i><\/span><\/div><\/div><div class=\"timeline-item__meta\"><\/div><\/div><div class=\"jet-timeline-item jet-timeline-item--animated elementor-repeater-item-6fa876e jet-timeline-item--image-inside\">\n\t<div class=\"timeline-item__card\">\n\t\t<div class=\"timeline-item__card-inner\">\n\t\t\t\t<div class=\"timeline-item__card-img\"><img loading=\"lazy\" decoding=\"async\" width=\"521\" height=\"250\" src=\"https:\/\/neohome.ws\/wp-content\/uploads\/INFRAESTRUTURA.jpg\" class=\"attachment-full size-full\" alt=\"\" \/><\/div>\t\t\t\t<div class=\"timeline-item__card-content\">\n\t\t\t\t\t<div class=\"timeline-item__meta\"><\/div><p class=\"timeline-item__card-title\">Etapa 2 - Execu\u00e7\u00e3o Infraestrutura<\/p><div class=\"timeline-item__card-desc\">Executamos um projeto espec\u00edfico de infraestrutura, a fim de dotar o empreendimento da mais atual TECNOLOGIA em Automa\u00e7\u00e3o Residencial, que propiciar\u00e1 ao empreendimento a possibilidade de implanta\u00e7\u00e3o posterior dos sistemas desejados pelo cliente, al\u00e9m de um respeit\u00e1vel diferencial mercadol\u00f3gico.<\/div>\t\t\t\t<\/div>\n\t\t\t\t\t\t<\/div>\n\t\t<div class=\"timeline-item__card-arrow\"><\/div>\n\t<\/div>\n\t<div class=\"timeline-item__point\"><div class=\"timeline-item__point-content timeline-item__point-content--icon\"><span class=\"jet-elements-icon\"><i aria-hidden=\"true\" class=\"fas fa-house-damage\"><\/i><\/span><\/div><\/div><div class=\"timeline-item__meta\"><\/div><\/div><div class=\"jet-timeline-item jet-timeline-item--animated elementor-repeater-item-86fd7fc jet-timeline-item--image-inside\">\n\t<div class=\"timeline-item__card\">\n\t\t<div class=\"timeline-item__card-inner\">\n\t\t\t\t<div class=\"timeline-item__card-img\"><img loading=\"lazy\" decoding=\"async\" width=\"521\" height=\"250\" src=\"https:\/\/neohome.ws\/wp-content\/uploads\/ACOMPANHAMENTO.jpg\" class=\"attachment-full size-full\" alt=\"\" \/><\/div>\t\t\t\t<div class=\"timeline-item__card-content\">\n\t\t\t\t\t<div class=\"timeline-item__meta\"><\/div><p class=\"timeline-item__card-title\">Etapa 3 - Acompanhamento de Obra<\/p><div class=\"timeline-item__card-desc\">Ao Assumirmos um projeto, cuidamos de todos os sistemas que nos competem, sempre respeitando os demais sistemas e infraestrutura da obra, auxiliando na compatibiliza\u00e7\u00e3o de tudo para o perfeito andamento do cronograma, com compromisso e responsabilidade.\n<\/div>\t\t\t\t<\/div>\n\t\t\t\t\t\t<\/div>\n\t\t<div class=\"timeline-item__card-arrow\"><\/div>\n\t<\/div>\n\t<div class=\"timeline-item__point\"><div class=\"timeline-item__point-content timeline-item__point-content--icon\"><span class=\"jet-elements-icon\"><i aria-hidden=\"true\" class=\"fas fa-house-damage\"><\/i><\/span><\/div><\/div><div class=\"timeline-item__meta\"><\/div><\/div><div class=\"jet-timeline-item jet-timeline-item--animated elementor-repeater-item-c168f05 jet-timeline-item--image-inside\">\n\t<div class=\"timeline-item__card\">\n\t\t<div class=\"timeline-item__card-inner\">\n\t\t\t\t<div class=\"timeline-item__card-img\"><img loading=\"lazy\" decoding=\"async\" width=\"521\" height=\"250\" src=\"https:\/\/neohome.ws\/wp-content\/uploads\/COMERCIALIZACAO.jpg\" class=\"attachment-full size-full\" alt=\"\" \/><\/div>\t\t\t\t<div class=\"timeline-item__card-content\">\n\t\t\t\t\t<div class=\"timeline-item__meta\"><\/div><p class=\"timeline-item__card-title\">Etapa 4 - Comercializa\u00e7\u00e3o<\/p><div class=\"timeline-item__card-desc\">Com SERIEDADE e respeito total aos nossos clientes, somos transparentes e justos em nossas propostas e principalmente quanto ao momento correto de apresenta\u00e7\u00e3o do or\u00e7amento e necessidade de fechamento alinhada ao cronograma da obra.<\/div>\t\t\t\t<\/div>\n\t\t\t\t\t\t<\/div>\n\t\t<div class=\"timeline-item__card-arrow\"><\/div>\n\t<\/div>\n\t<div class=\"timeline-item__point\"><div class=\"timeline-item__point-content timeline-item__point-content--icon\"><span class=\"jet-elements-icon\"><i aria-hidden=\"true\" class=\"fas fa-house-damage\"><\/i><\/span><\/div><\/div><div class=\"timeline-item__meta\"><\/div><\/div><div class=\"jet-timeline-item jet-timeline-item--animated elementor-repeater-item-697aa65 jet-timeline-item--image-inside\">\n\t<div class=\"timeline-item__card\">\n\t\t<div class=\"timeline-item__card-inner\">\n\t\t\t\t<div class=\"timeline-item__card-img\"><img loading=\"lazy\" decoding=\"async\" width=\"521\" height=\"250\" src=\"https:\/\/neohome.ws\/wp-content\/uploads\/INSTALACAO-E-CONFIGURACAO.png\" class=\"attachment-full size-full\" alt=\"tablet\" \/><\/div>\t\t\t\t<div class=\"timeline-item__card-content\">\n\t\t\t\t\t<div class=\"timeline-item__meta\"><\/div><p class=\"timeline-item__card-title\">Etapa 5 - Instala\u00e7\u00e3o e Programa\u00e7\u00e3o<\/p><div class=\"timeline-item__card-desc\">Neste momento o cliente come\u00e7a a perceber o valor dos servi\u00e7os prestados pela Neohome. Nos 6 segmentos temos especialistas que sabem executar com PRIMOR cada sistema e definitivamente resolvem o \"problema\" do cliente com empatia, dedica\u00e7\u00e3o e sempre alinhados \u00e0 primordial est\u00e9tica.<\/div>\t\t\t\t<\/div>\n\t\t\t\t\t\t<\/div>\n\t\t<div class=\"timeline-item__card-arrow\"><\/div>\n\t<\/div>\n\t<div class=\"timeline-item__point\"><div class=\"timeline-item__point-content timeline-item__point-content--icon\"><span class=\"jet-elements-icon\"><i aria-hidden=\"true\" class=\"fas fa-house-damage\"><\/i><\/span><\/div><\/div><div class=\"timeline-item__meta\"><\/div><\/div><div class=\"jet-timeline-item jet-timeline-item--animated elementor-repeater-item-47006ea jet-timeline-item--image-inside\">\n\t<div class=\"timeline-item__card\">\n\t\t<div class=\"timeline-item__card-inner\">\n\t\t\t\t<div class=\"timeline-item__card-img\"><img loading=\"lazy\" decoding=\"async\" width=\"521\" height=\"250\" src=\"https:\/\/neohome.ws\/wp-content\/uploads\/POS-VENDA.jpg\" class=\"attachment-full size-full\" alt=\"\" \/><\/div>\t\t\t\t<div class=\"timeline-item__card-content\">\n\t\t\t\t\t<div class=\"timeline-item__meta\"><\/div><p class=\"timeline-item__card-title\">Etapa 6 - Treinamento\/P\u00f3s Venda<\/p><div class=\"timeline-item__card-desc\">O t\u00e3o esperado momento onde tudo funciona como m\u00e1gica \u00e9 quando o ENCANTAMENTO acontece. Surpresa atrav\u00e9s da transforma\u00e7\u00e3o para a total satisfa\u00e7\u00e3o dos nossos clientes.<\/div>\t\t\t\t<\/div>\n\t\t\t\t\t\t<\/div>\n\t\t<div class=\"timeline-item__card-arrow\"><\/div>\n\t<\/div>\n\t<div class=\"timeline-item__point\"><div class=\"timeline-item__point-content timeline-item__point-content--icon\"><span class=\"jet-elements-icon\"><i aria-hidden=\"true\" class=\"fas fa-house-damage\"><\/i><\/span><\/div><\/div><div class=\"timeline-item__meta\"><\/div><\/div><\/div><\/div><\/div>\t\t<\/div>\n\t\t\t\t<\/div>\n\t\t\t\t\t\t<\/div>\n\t\t\t<\/div>\n\t\t<\/div>\n\t\t\t\t\t\t<\/div>\n\t\t\t<\/div>\n\t\t<\/section>\n\t\t\t\t\t\t<\/div>\n\t\t\t<\/div>\n\t\t<\/div>\n\t\t","protected":false},"excerpt":{"rendered":"<p>Como Trabalhamos Atrav\u00e9s da comercializa\u00e7\u00e3o de produtos de alta tecnologia e do desenvolvimento, instala\u00e7\u00e3o e manuten\u00e7\u00e3o de projetos residenciais inteligentes. Tudo feito com muita dedica\u00e7\u00e3o, para elevar a usabilidade do lar e levar mais conforto e lazer a vida dos nossos clientes. Etapa 1 &#8211; Projeto Prestamos servi\u00e7os t\u00e9cnicos de Projeto para a Integra\u00e7\u00e3o de [&hellip;]<\/p>\n","protected":false},"author":1,"featured_media":0,"parent":0,"menu_order":0,"comment_status":"closed","ping_status":"closed","template":"","meta":{"_mi_skip_tracking":false,"footnotes":""},"class_list":["post-177","page","type-page","status-publish","hentry"],"yoast_head":"<!-- This site is optimized with the Yoast SEO plugin v19.1 - https:\/\/yoast.com\/wordpress\/plugins\/seo\/ -->\n<title>Como Trabalhamos - Neohome - Casa Inteligente<\/title>\n<meta name=\"robots\" content=\"index, follow, max-snippet:-1, max-image-preview:large, max-video-preview:-1\" \/>\n<link rel=\"canonical\" href=\"https:\/\/neohome.ws\/como-trabalhamos\/\" \/>\n<meta property=\"og:locale\" content=\"pt_BR\" \/>\n<meta property=\"og:type\" content=\"article\" \/>\n<meta property=\"og:title\" content=\"Como Trabalhamos - Neohome - Casa Inteligente\" \/>\n<meta property=\"og:description\" content=\"Como Trabalhamos Atrav\u00e9s da comercializa\u00e7\u00e3o de produtos de alta tecnologia e do desenvolvimento, instala\u00e7\u00e3o e manuten\u00e7\u00e3o de projetos residenciais inteligentes. Tudo feito com muita dedica\u00e7\u00e3o, para elevar a usabilidade do lar e levar mais conforto e lazer a vida dos nossos clientes. Etapa 1 &#8211; Projeto Prestamos servi\u00e7os t\u00e9cnicos de Projeto para a Integra\u00e7\u00e3o de [&hellip;]\" \/>\n<meta property=\"og:url\" content=\"https:\/\/neohome.ws\/como-trabalhamos\/\" \/>\n<meta property=\"og:site_name\" content=\"Neohome - Casa Inteligente\" \/>\n<meta property=\"article:modified_time\" content=\"2020-08-20T21:38:50+00:00\" \/>\n<meta property=\"og:image\" content=\"https:\/\/neohome.ws\/wp-content\/uploads\/PROJETO.jpg\" \/>\n<meta name=\"twitter:card\" content=\"summary_large_image\" \/>\n<meta name=\"twitter:label1\" content=\"Est. tempo de leitura\" \/>\n\t<meta name=\"twitter:data1\" content=\"1 minuto\" \/>\n<script type=\"application\/ld+json\" class=\"yoast-schema-graph\">{\"@context\":\"https:\/\/schema.org\",\"@graph\":[{\"@type\":\"WebSite\",\"@id\":\"https:\/\/neohome.ws\/#website\",\"url\":\"https:\/\/neohome.ws\/\",\"name\":\"Neohome - Casa Inteligente\",\"description\":\"N\u00f3s fazemos sua casa funcionar t\u00e3o bem que at\u00e9 parece m\u00e1gica.\",\"potentialAction\":[{\"@type\":\"SearchAction\",\"target\":{\"@type\":\"EntryPoint\",\"urlTemplate\":\"https:\/\/neohome.ws\/?s={search_term_string}\"},\"query-input\":\"required name=search_term_string\"}],\"inLanguage\":\"pt-BR\"},{\"@type\":\"ImageObject\",\"inLanguage\":\"pt-BR\",\"@id\":\"https:\/\/neohome.ws\/como-trabalhamos\/#primaryimage\",\"url\":\"https:\/\/neohome.ws\/wp-content\/uploads\/PROJETO.jpg\",\"contentUrl\":\"https:\/\/neohome.ws\/wp-content\/uploads\/PROJETO.jpg\",\"width\":520,\"height\":250},{\"@type\":\"WebPage\",\"@id\":\"https:\/\/neohome.ws\/como-trabalhamos\/#webpage\",\"url\":\"https:\/\/neohome.ws\/como-trabalhamos\/\",\"name\":\"Como Trabalhamos - Neohome - Casa Inteligente\",\"isPartOf\":{\"@id\":\"https:\/\/neohome.ws\/#website\"},\"primaryImageOfPage\":{\"@id\":\"https:\/\/neohome.ws\/como-trabalhamos\/#primaryimage\"},\"datePublished\":\"2020-02-05T19:23:46+00:00\",\"dateModified\":\"2020-08-20T21:38:50+00:00\",\"breadcrumb\":{\"@id\":\"https:\/\/neohome.ws\/como-trabalhamos\/#breadcrumb\"},\"inLanguage\":\"pt-BR\",\"potentialAction\":[{\"@type\":\"ReadAction\",\"target\":[\"https:\/\/neohome.ws\/como-trabalhamos\/\"]}]},{\"@type\":\"BreadcrumbList\",\"@id\":\"https:\/\/neohome.ws\/como-trabalhamos\/#breadcrumb\",\"itemListElement\":[{\"@type\":\"ListItem\",\"position\":1,\"name\":\"In\u00edcio\",\"item\":\"https:\/\/neohome.ws\/\"},{\"@type\":\"ListItem\",\"position\":2,\"name\":\"Como Trabalhamos\"}]}]}<\/script>\n<!-- \/ Yoast SEO plugin. -->","yoast_head_json":{"title":"Como Trabalhamos - Neohome - Casa Inteligente","robots":{"index":"index","follow":"follow","max-snippet":"max-snippet:-1","max-image-preview":"max-image-preview:large","max-video-preview":"max-video-preview:-1"},"canonical":"https:\/\/neohome.ws\/como-trabalhamos\/","og_locale":"pt_BR","og_type":"article","og_title":"Como Trabalhamos - Neohome - Casa Inteligente","og_description":"Como Trabalhamos Atrav\u00e9s da comercializa\u00e7\u00e3o de produtos de alta tecnologia e do desenvolvimento, instala\u00e7\u00e3o e manuten\u00e7\u00e3o de projetos residenciais inteligentes. Tudo feito com muita dedica\u00e7\u00e3o, para elevar a usabilidade do lar e levar mais conforto e lazer a vida dos nossos clientes. Etapa 1 &#8211; Projeto Prestamos servi\u00e7os t\u00e9cnicos de Projeto para a Integra\u00e7\u00e3o de [&hellip;]","og_url":"https:\/\/neohome.ws\/como-trabalhamos\/","og_site_name":"Neohome - Casa Inteligente","article_modified_time":"2020-08-20T21:38:50+00:00","og_image":[{"url":"https:\/\/neohome.ws\/wp-content\/uploads\/PROJETO.jpg"}],"twitter_card":"summary_large_image","twitter_misc":{"Est. tempo de leitura":"1 minuto"},"schema":{"@context":"https:\/\/schema.org","@graph":[{"@type":"WebSite","@id":"https:\/\/neohome.ws\/#website","url":"https:\/\/neohome.ws\/","name":"Neohome - Casa Inteligente","description":"N\u00f3s fazemos sua casa funcionar t\u00e3o bem que at\u00e9 parece m\u00e1gica.","potentialAction":[{"@type":"SearchAction","target":{"@type":"EntryPoint","urlTemplate":"https:\/\/neohome.ws\/?s={search_term_string}"},"query-input":"required name=search_term_string"}],"inLanguage":"pt-BR"},{"@type":"ImageObject","inLanguage":"pt-BR","@id":"https:\/\/neohome.ws\/como-trabalhamos\/#primaryimage","url":"https:\/\/neohome.ws\/wp-content\/uploads\/PROJETO.jpg","contentUrl":"https:\/\/neohome.ws\/wp-content\/uploads\/PROJETO.jpg","width":520,"height":250},{"@type":"WebPage","@id":"https:\/\/neohome.ws\/como-trabalhamos\/#webpage","url":"https:\/\/neohome.ws\/como-trabalhamos\/","name":"Como Trabalhamos - Neohome - Casa Inteligente","isPartOf":{"@id":"https:\/\/neohome.ws\/#website"},"primaryImageOfPage":{"@id":"https:\/\/neohome.ws\/como-trabalhamos\/#primaryimage"},"datePublished":"2020-02-05T19:23:46+00:00","dateModified":"2020-08-20T21:38:50+00:00","breadcrumb":{"@id":"https:\/\/neohome.ws\/como-trabalhamos\/#breadcrumb"},"inLanguage":"pt-BR","potentialAction":[{"@type":"ReadAction","target":["https:\/\/neohome.ws\/como-trabalhamos\/"]}]},{"@type":"BreadcrumbList","@id":"https:\/\/neohome.ws\/como-trabalhamos\/#breadcrumb","itemListElement":[{"@type":"ListItem","position":1,"name":"In\u00edcio","item":"https:\/\/neohome.ws\/"},{"@type":"ListItem","position":2,"name":"Como Trabalhamos"}]}]}},"_links":{"self":[{"href":"https:\/\/neohome.ws\/index.php?rest_route=\/wp\/v2\/pages\/177","targetHints":{"allow":["GET"]}}],"collection":[{"href":"https:\/\/neohome.ws\/index.php?rest_route=\/wp\/v2\/pages"}],"about":[{"href":"https:\/\/neohome.ws\/index.php?rest_route=\/wp\/v2\/types\/page"}],"author":[{"embeddable":true,"href":"https:\/\/neohome.ws\/index.php?rest_route=\/wp\/v2\/users\/1"}],"replies":[{"embeddable":true,"href":"https:\/\/neohome.ws\/index.php?rest_route=%2Fwp%2Fv2%2Fcomments&post=177"}],"version-history":[{"count":10,"href":"https:\/\/neohome.ws\/index.php?rest_route=\/wp\/v2\/pages\/177\/revisions"}],"predecessor-version":[{"id":865,"href":"https:\/\/neohome.ws\/index.php?rest_route=\/wp\/v2\/pages\/177\/revisions\/865"}],"wp:attachment":[{"href":"https:\/\/neohome.ws\/index.php?rest_route=%2Fwp%2Fv2%2Fmedia&parent=177"}],"curies":[{"name":"wp","href":"https:\/\/api.w.org\/{rel}","templated":true}]}}